{"id":1105,"date":"2023-08-22T19:25:25","date_gmt":"2023-08-22T19:25:25","guid":{"rendered":"https:\/\/%s.piauidigital.pi.gov.br\/home\/?page_id=1105"},"modified":"2024-07-23T18:03:18","modified_gmt":"2024-07-23T18:03:18","slug":"credito-pequena-e-media-empresa","status":"publish","type":"page","link":"https:\/\/demo.piauidigital.pi.gov.br\/home\/credito-pequena-e-media-empresa\/","title":{"rendered":"Cr\u00e9dito Pequena e M\u00e9dia Empresa"},"content":{"rendered":"<p><b>Cr\u00e9dito Pequena e M\u00e9dia Empresa:<\/b>\u00a0Para as pequenas e m\u00e9dias empresas, fornecemos uma linha que atende \u00e0s necessidades de capital de giro (compra de mercadorias para revenda, insumos, mat\u00e9rias-primas, produtos acabados, de forma a prover suas demandas por caixa, valores a receber e estoques) e investimento fixo, semifixo ou misto como implanta\u00e7\u00e3o, diversifica\u00e7\u00e3o, moderniza\u00e7\u00e3o e amplia\u00e7\u00e3o da empresa, aquisi\u00e7\u00e3o de m\u00e1quinas, equipamentos, ve\u00edculos, materiais para a atividade e capital de giro nas \u00e1reas do agroneg\u00f3cio, com\u00e9rcio, ind\u00fastria, servi\u00e7os e turismo.<\/p>\n<div class=\"container mx-auto text-right bg-[#3B82F6] rounded-xl p-6\">\n<span class=\"text-right\"> <a href=\"badespi\/\" class=\"bg-white hover:bg-blue-100 text-[#3B82F6] text-small py-2 px-4 mr-4 rounded\">Voltar<\/a> <a href=\"https:\/\/%s.piauidigital.pi.gov.br\/s\/consultaprevia\/fomento\/4\" class=\"bg-white hover:bg-blue-100 text-[#3B82F6] text-small py-2 px-4 rounded\">Tenho Interesse<\/a><\/span>\n<\/div>\n","protected":false},"excerpt":{"rendered":"<p>Cr\u00e9dito Pequena e M\u00e9dia Empresa:\u00a0Para as pequenas e m\u00e9dias empresas, fornecemos uma linha que atende \u00e0s necessidades de capital de giro (compra de mercadorias para revenda, insumos, mat\u00e9rias-primas, produtos acabados, de forma a prover suas demandas por caixa, valores a receber e estoques) e investimento fixo, semifixo ou misto como implanta\u00e7\u00e3o, diversifica\u00e7\u00e3o, moderniza\u00e7\u00e3o e amplia\u00e7\u00e3o [&hellip;]<\/p>\n","protected":false},"author":1,"featured_media":0,"parent":0,"menu_order":0,"comment_status":"closed","ping_status":"closed","template":"","meta":{"footnotes":""},"class_list":["post-1105","page","type-page","status-publish","hentry"],"acf":[],"_links":{"self":[{"href":"https:\/\/demo.piauidigital.pi.gov.br\/home\/wp-json\/wp\/v2\/pages\/1105","targetHints":{"allow":["GET"]}}],"collection":[{"href":"https:\/\/demo.piauidigital.pi.gov.br\/home\/wp-json\/wp\/v2\/pages"}],"about":[{"href":"https:\/\/demo.piauidigital.pi.gov.br\/home\/wp-json\/wp\/v2\/types\/page"}],"author":[{"embeddable":true,"href":"https:\/\/demo.piauidigital.pi.gov.br\/home\/wp-json\/wp\/v2\/users\/1"}],"replies":[{"embeddable":true,"href":"https:\/\/demo.piauidigital.pi.gov.br\/home\/wp-json\/wp\/v2\/comments?post=1105"}],"version-history":[{"count":2,"href":"https:\/\/demo.piauidigital.pi.gov.br\/home\/wp-json\/wp\/v2\/pages\/1105\/revisions"}],"predecessor-version":[{"id":1384,"href":"https:\/\/demo.piauidigital.pi.gov.br\/home\/wp-json\/wp\/v2\/pages\/1105\/revisions\/1384"}],"wp:attachment":[{"href":"https:\/\/demo.piauidigital.pi.gov.br\/home\/wp-json\/wp\/v2\/media?parent=1105"}],"curies":[{"name":"wp","href":"https:\/\/api.w.org\/{rel}","templated":true}]}}