{"id":1391,"date":"2024-07-26T12:36:45","date_gmt":"2024-07-26T12:36:45","guid":{"rendered":"https:\/\/homologacao.piauidigital.pi.gov.br\/home\/?page_id=1391"},"modified":"2024-07-26T12:36:45","modified_gmt":"2024-07-26T12:36:45","slug":"divisa-alteracao-do-responsavel-tecnico","status":"publish","type":"page","link":"https:\/\/demo.piauidigital.pi.gov.br\/home\/divisa\/divisa-alteracao-do-responsavel-tecnico\/","title":{"rendered":"DIVISA &#8211; Altera\u00e7\u00e3o do Respons\u00e1vel T\u00e9cnico"},"content":{"rendered":"","protected":false},"excerpt":{"rendered":"","protected":false},"author":1,"featured_media":0,"parent":182,"menu_order":0,"comment_status":"closed","ping_status":"closed","template":"template-parts\/page-junta-comercial.php","meta":{"footnotes":""},"class_list":["post-1391","page","type-page","status-publish","hentry"],"acf":{"servicos":[{"titulo":"Quero solicitar Altera\u00e7\u00e3o do Respons\u00e1vel T\u00e9cnico para minha Matriz","conteudo":"","btn":"https:\/\/%s.piauidigital.pi.gov.br\/solicitacao\/evento\/eyJmdW5jaW9uYWxpZGFkZSI6IkFsdGVyYefjbyBkbyBSZXNwb25z4XZlbCBU6WNuaWNvIiwiZXZlbnRvcyI6WyIxMjE2Il0sImRlc2NfZXZlbnRvIjoiTWF0cml6IiwidGlwb19zb2xpY2l0YWNhbyI6IjEiLCJwZXJmaWxfZW50aWRhZGUiOiIxMDQzMTIiLCJ1ZiI6IlBJIn0=","parametros":"","method":"POST","mensagem_modal":"","acesso":["visivel_todos"]},{"titulo":"Quero solicitar Altera\u00e7\u00e3o do Respons\u00e1vel T\u00e9cnico para minha Filial","conteudo":"","btn":"https:\/\/%s.piauidigital.pi.gov.br\/solicitacao\/evento\/eyJmdW5jaW9uYWxpZGFkZSI6IkFsdGVyYefjbyBkbyBSZXNwb25z4XZlbCBU6WNuaWNvIiwiZXZlbnRvcyI6WyIxMjE2Il0sImRlc2NfZXZlbnRvIjoiRmlsaWFsIiwidGlwb19zb2xpY2l0YWNhbyI6IjEiLCJwZXJmaWxfZW50aWRhZGUiOiIxMDQzMTIiLCJ1ZiI6IlBJIn0=","parametros":"","method":"POST","mensagem_modal":"","acesso":["visivel_todos"]}]},"_links":{"self":[{"href":"https:\/\/demo.piauidigital.pi.gov.br\/home\/wp-json\/wp\/v2\/pages\/1391","targetHints":{"allow":["GET"]}}],"collection":[{"href":"https:\/\/demo.piauidigital.pi.gov.br\/home\/wp-json\/wp\/v2\/pages"}],"about":[{"href":"https:\/\/demo.piauidigital.pi.gov.br\/home\/wp-json\/wp\/v2\/types\/page"}],"author":[{"embeddable":true,"href":"https:\/\/demo.piauidigital.pi.gov.br\/home\/wp-json\/wp\/v2\/users\/1"}],"replies":[{"embeddable":true,"href":"https:\/\/demo.piauidigital.pi.gov.br\/home\/wp-json\/wp\/v2\/comments?post=1391"}],"version-history":[{"count":1,"href":"https:\/\/demo.piauidigital.pi.gov.br\/home\/wp-json\/wp\/v2\/pages\/1391\/revisions"}],"predecessor-version":[{"id":1392,"href":"https:\/\/demo.piauidigital.pi.gov.br\/home\/wp-json\/wp\/v2\/pages\/1391\/revisions\/1392"}],"up":[{"embeddable":true,"href":"https:\/\/demo.piauidigital.pi.gov.br\/home\/wp-json\/wp\/v2\/pages\/182"}],"wp:attachment":[{"href":"https:\/\/demo.piauidigital.pi.gov.br\/home\/wp-json\/wp\/v2\/media?parent=1391"}],"curies":[{"name":"wp","href":"https:\/\/api.w.org\/{rel}","templated":true}]}}