{"id":143,"date":"2023-05-22T17:57:49","date_gmt":"2023-05-22T17:57:49","guid":{"rendered":"http:\/\/%s.piauidigital.pi.gov.br\/?page_id=143"},"modified":"2023-11-24T21:31:05","modified_gmt":"2023-11-24T21:31:05","slug":"baixa-de-empresa","status":"publish","type":"page","link":"https:\/\/demo.piauidigital.pi.gov.br\/home\/baixa-de-empresa\/","title":{"rendered":"Baixa de Empresa"},"content":{"rendered":"","protected":false},"excerpt":{"rendered":"","protected":false},"author":1,"featured_media":0,"parent":0,"menu_order":0,"comment_status":"closed","ping_status":"closed","template":"template-parts\/page-junta-comercial.php","meta":{"footnotes":""},"class_list":["post-143","page","type-page","status-publish","hentry"],"acf":{"servicos":[{"titulo":"Baixa de Matriz","conteudo":"Trata-se da extin\u00e7\u00e3o da matriz","btn":"https:\/\/%s.piauidigital.pi.gov.br\/s\/consultaprevia\/prepare-primeiro-passo\/","parametros":"{'tipo_empresa':'m','tipo_evento':'ba','isProd':'1','domain':'https:\/\/%s.piauidigital.pi.gov.br'}","method":"POST","mensagem_modal":"","acesso":["visivel_todos"]},{"titulo":"Baixa de uma Filial no Brasil","conteudo":"Trata-se da baixa de uma filial no Brasil","btn":"https:\/\/%s.piauidigital.pi.gov.br\/s\/consultaprevia\/prepare-primeiro-passo\/","parametros":"{'tipo_empresa':'f','tipo_evento':'ba','isProd':'1','domain':'https:\/\/%s.piauidigital.pi.gov.br'}","method":"POST","mensagem_modal":"","acesso":["visivel_todos"]},{"titulo":"Cancelamento de Filial Autorizada a Funcionar no Pa\u00eds","conteudo":"Trata-se da desist\u00eancia do registro de uma filial com matriz fora do Brasil","btn":"https:\/\/%s.piauidigital.pi.gov.br\/evento-exclusivo\/capa-processo\/","parametros":"{'eventos-junta':'menu-baixa-empresa','tp-evento':'cpp','ato-siarco[]':'{104}','evento-siarco':'104','evento-redesim':'953'}","method":"GET","mensagem_modal":"","acesso":["visivel_todos"]},{"titulo":"Extin\u00e7\u00e3o de Filial em outro Pa\u00eds","conteudo":"Trata-se da baixa de uma filial fora do Brasil","btn":"https:\/\/%s.piauidigital.pi.gov.br\/evento-exclusivo\/capa-processo\/","parametros":"{'eventos-junta':'menu-baixa-empresa','tp-evento':'cpp','ato-siarco[]':'{002, 007, 006, 008, 016, 017, 018}','evento-siarco':'034','evento-redesim':'953'}","method":"GET","mensagem_modal":"","acesso":["visivel_todos"]}]},"_links":{"self":[{"href":"https:\/\/demo.piauidigital.pi.gov.br\/home\/wp-json\/wp\/v2\/pages\/143","targetHints":{"allow":["GET"]}}],"collection":[{"href":"https:\/\/demo.piauidigital.pi.gov.br\/home\/wp-json\/wp\/v2\/pages"}],"about":[{"href":"https:\/\/demo.piauidigital.pi.gov.br\/home\/wp-json\/wp\/v2\/types\/page"}],"author":[{"embeddable":true,"href":"https:\/\/demo.piauidigital.pi.gov.br\/home\/wp-json\/wp\/v2\/users\/1"}],"replies":[{"embeddable":true,"href":"https:\/\/demo.piauidigital.pi.gov.br\/home\/wp-json\/wp\/v2\/comments?post=143"}],"version-history":[{"count":3,"href":"https:\/\/demo.piauidigital.pi.gov.br\/home\/wp-json\/wp\/v2\/pages\/143\/revisions"}],"predecessor-version":[{"id":1182,"href":"https:\/\/demo.piauidigital.pi.gov.br\/home\/wp-json\/wp\/v2\/pages\/143\/revisions\/1182"}],"wp:attachment":[{"href":"https:\/\/demo.piauidigital.pi.gov.br\/home\/wp-json\/wp\/v2\/media?parent=143"}],"curies":[{"name":"wp","href":"https:\/\/api.w.org\/{rel}","templated":true}]}}