{"id":157,"date":"2023-05-22T18:19:39","date_gmt":"2023-05-22T18:19:39","guid":{"rendered":"http:\/\/%s.piauidigital.pi.gov.br\/?page_id=157"},"modified":"2023-06-04T00:53:05","modified_gmt":"2023-06-04T00:53:05","slug":"absorcao-de-parte-cindida","status":"publish","type":"page","link":"https:\/\/demo.piauidigital.pi.gov.br\/home\/absorcao-de-parte-cindida\/","title":{"rendered":"Absor\u00e7\u00e3o de parte cindida"},"content":{"rendered":"","protected":false},"excerpt":{"rendered":"","protected":false},"author":1,"featured_media":0,"parent":0,"menu_order":0,"comment_status":"closed","ping_status":"closed","template":"template-parts\/page-junta-comercial.php","meta":{"footnotes":""},"class_list":["post-157","page","type-page","status-publish","hentry"],"acf":{"servicos":[{"titulo":"Abertura com Absor\u00e7\u00e3o de Parte Cindida","conteudo":"Trata-se da abertura do primeiro estabelecimento da empresa utilizando em seu capital social uma parte ou todo capital de uma empresa cindida","btn":"https:\/\/%s.piauidigital.pi.gov.br\/s\/consultaprevia\/prepare-primeiro-passo\/","parametros":"{'tipo_empresa':'m','tipo_evento':'ab','isProd':'1','domain':'https:\/\/%s.piauidigital.pi.gov.br','cisao_parte_cindida':'true'}","method":"POST","mensagem_modal":"","acesso":["visivel_todos"]},{"titulo":"Altera\u00e7\u00e3o com Absor\u00e7\u00e3o de Parte Cindida","conteudo":"Trata-se do acesso a listagem dos eventos de altera\u00e7\u00e3o cadastral da matriz utilizando utilizando em seu capital social uma parte ou todo capital de uma empresa cindida","btn":"https:\/\/%s.piauidigital.pi.gov.br\/s\/consultaprevia\/lista-eventos-alteracao","parametros":"{'x_tipo_empresa':'m','x_tipo_evento':'al','evento_empresa':'eventos-matriz','domain':'https:\/\/%s.piauidigital.pi.gov.br','evento':'247','cisao_alteracao':'true'}","method":"POST","mensagem_modal":"","acesso":["visivel_todos"]}]},"_links":{"self":[{"href":"https:\/\/demo.piauidigital.pi.gov.br\/home\/wp-json\/wp\/v2\/pages\/157","targetHints":{"allow":["GET"]}}],"collection":[{"href":"https:\/\/demo.piauidigital.pi.gov.br\/home\/wp-json\/wp\/v2\/pages"}],"about":[{"href":"https:\/\/demo.piauidigital.pi.gov.br\/home\/wp-json\/wp\/v2\/types\/page"}],"author":[{"embeddable":true,"href":"https:\/\/demo.piauidigital.pi.gov.br\/home\/wp-json\/wp\/v2\/users\/1"}],"replies":[{"embeddable":true,"href":"https:\/\/demo.piauidigital.pi.gov.br\/home\/wp-json\/wp\/v2\/comments?post=157"}],"version-history":[{"count":1,"href":"https:\/\/demo.piauidigital.pi.gov.br\/home\/wp-json\/wp\/v2\/pages\/157\/revisions"}],"predecessor-version":[{"id":874,"href":"https:\/\/demo.piauidigital.pi.gov.br\/home\/wp-json\/wp\/v2\/pages\/157\/revisions\/874"}],"wp:attachment":[{"href":"https:\/\/demo.piauidigital.pi.gov.br\/home\/wp-json\/wp\/v2\/media?parent=157"}],"curies":[{"name":"wp","href":"https:\/\/api.w.org\/{rel}","templated":true}]}}