{"id":255,"date":"2023-05-23T17:52:25","date_gmt":"2023-05-23T17:52:25","guid":{"rendered":"http:\/\/%s.piauidigital.pi.gov.br\/?page_id=255"},"modified":"2024-05-08T14:00:46","modified_gmt":"2024-05-08T14:00:46","slug":"divisa-renovacao","status":"publish","type":"page","link":"https:\/\/demo.piauidigital.pi.gov.br\/home\/divisa-renovacao\/","title":{"rendered":"DIVISA &#8211; Renova\u00e7\u00e3o"},"content":{"rendered":"","protected":false},"excerpt":{"rendered":"","protected":false},"author":1,"featured_media":0,"parent":0,"menu_order":0,"comment_status":"closed","ping_status":"closed","template":"template-parts\/page-junta-comercial.php","meta":{"footnotes":""},"class_list":["post-255","page","type-page","status-publish","hentry"],"acf":{"servicos":[{"titulo":"Renova\u00e7\u00e3o para Matriz","conteudo":"Trata-se da renova\u00e7\u00e3o da licen\u00e7a sanit\u00e1ria para o estabelecimento da matriz","btn":"https:\/\/%s.piauidigital.pi.gov.br\/s\/renovacao\/estadual\/m","parametros":"{'perfil':'104302'}","method":"POST","mensagem_modal":"","acesso":["visivel_todos"]},{"titulo":"Renova\u00e7\u00e3o para Filial","conteudo":"Trata-se da renova\u00e7\u00e3o da licen\u00e7a sanit\u00e1ria para o estabelecimento da filial","btn":"https:\/\/%s.piauidigital.pi.gov.br\/s\/renovacao\/estadual\/f","parametros":"{'perfil':'104302'}","method":"POST","mensagem_modal":"","acesso":["visivel_todos"]}]},"_links":{"self":[{"href":"https:\/\/demo.piauidigital.pi.gov.br\/home\/wp-json\/wp\/v2\/pages\/255","targetHints":{"allow":["GET"]}}],"collection":[{"href":"https:\/\/demo.piauidigital.pi.gov.br\/home\/wp-json\/wp\/v2\/pages"}],"about":[{"href":"https:\/\/demo.piauidigital.pi.gov.br\/home\/wp-json\/wp\/v2\/types\/page"}],"author":[{"embeddable":true,"href":"https:\/\/demo.piauidigital.pi.gov.br\/home\/wp-json\/wp\/v2\/users\/1"}],"replies":[{"embeddable":true,"href":"https:\/\/demo.piauidigital.pi.gov.br\/home\/wp-json\/wp\/v2\/comments?post=255"}],"version-history":[{"count":3,"href":"https:\/\/demo.piauidigital.pi.gov.br\/home\/wp-json\/wp\/v2\/pages\/255\/revisions"}],"predecessor-version":[{"id":1319,"href":"https:\/\/demo.piauidigital.pi.gov.br\/home\/wp-json\/wp\/v2\/pages\/255\/revisions\/1319"}],"wp:attachment":[{"href":"https:\/\/demo.piauidigital.pi.gov.br\/home\/wp-json\/wp\/v2\/media?parent=255"}],"curies":[{"name":"wp","href":"https:\/\/api.w.org\/{rel}","templated":true}]}}