{"id":551,"date":"2023-05-26T15:01:15","date_gmt":"2023-05-26T15:01:15","guid":{"rendered":"http:\/\/%s.piauidigital.pi.gov.br\/?page_id=551"},"modified":"2023-06-06T13:16:06","modified_gmt":"2023-06-06T13:16:06","slug":"bombeiro-regularizacao","status":"publish","type":"page","link":"https:\/\/demo.piauidigital.pi.gov.br\/home\/bombeiro-regularizacao\/","title":{"rendered":"Bombeiro Regulariza\u00e7\u00e3o"},"content":{"rendered":"","protected":false},"excerpt":{"rendered":"","protected":false},"author":1,"featured_media":0,"parent":0,"menu_order":0,"comment_status":"closed","ping_status":"closed","template":"template-parts\/page-junta-comercial.php","meta":{"footnotes":""},"class_list":["post-551","page","type-page","status-publish","hentry"],"acf":{"servicos":[{"titulo":"Regulariza\u00e7\u00e3o para Matriz","conteudo":"","btn":"https:\/\/%s.piauidigital.pi.gov.br\/s\/regularizacao\/estadual\/m","parametros":"{'perfil':'104301'}","method":"POST","mensagem_modal":"","acesso":["visivel_todos"]},{"titulo":"Regulariza\u00e7\u00e3o para Filial","conteudo":"","btn":"https:\/\/%s.piauidigital.pi.gov.br\/s\/regularizacao\/estadual\/f","parametros":"{'perfil':'104301'}","method":"POST","mensagem_modal":"","acesso":["visivel_todos"]},{"titulo":"Regulariza\u00e7\u00e3o de Instala\u00e7\u00f5es provis\u00f3rias","conteudo":"","btn":"http:\/\/www.cbm.pi.gov.br\/formpub.php","parametros":"","method":"POST","mensagem_modal":"","acesso":["visivel_todos"]}]},"_links":{"self":[{"href":"https:\/\/demo.piauidigital.pi.gov.br\/home\/wp-json\/wp\/v2\/pages\/551","targetHints":{"allow":["GET"]}}],"collection":[{"href":"https:\/\/demo.piauidigital.pi.gov.br\/home\/wp-json\/wp\/v2\/pages"}],"about":[{"href":"https:\/\/demo.piauidigital.pi.gov.br\/home\/wp-json\/wp\/v2\/types\/page"}],"author":[{"embeddable":true,"href":"https:\/\/demo.piauidigital.pi.gov.br\/home\/wp-json\/wp\/v2\/users\/1"}],"replies":[{"embeddable":true,"href":"https:\/\/demo.piauidigital.pi.gov.br\/home\/wp-json\/wp\/v2\/comments?post=551"}],"version-history":[{"count":3,"href":"https:\/\/demo.piauidigital.pi.gov.br\/home\/wp-json\/wp\/v2\/pages\/551\/revisions"}],"predecessor-version":[{"id":986,"href":"https:\/\/demo.piauidigital.pi.gov.br\/home\/wp-json\/wp\/v2\/pages\/551\/revisions\/986"}],"wp:attachment":[{"href":"https:\/\/demo.piauidigital.pi.gov.br\/home\/wp-json\/wp\/v2\/media?parent=551"}],"curies":[{"name":"wp","href":"https:\/\/api.w.org\/{rel}","templated":true}]}}