{"id":784,"date":"2023-06-01T11:32:20","date_gmt":"2023-06-01T11:32:20","guid":{"rendered":"http:\/\/%s.piauidigital.pi.gov.br\/?page_id=784"},"modified":"2023-06-01T11:39:06","modified_gmt":"2023-06-01T11:39:06","slug":"sefaz-eageat","status":"publish","type":"page","link":"https:\/\/demo.piauidigital.pi.gov.br\/home\/sefaz-eageat\/","title":{"rendered":"SEFAZ &#8211; E-AGEAT"},"content":{"rendered":"","protected":false},"excerpt":{"rendered":"","protected":false},"author":1,"featured_media":0,"parent":0,"menu_order":0,"comment_status":"closed","ping_status":"closed","template":"template-parts\/page-junta-comercial.php","meta":{"footnotes":""},"class_list":["post-784","page","type-page","status-publish","hentry"],"acf":{"servicos":[{"titulo":"Credenciamento no DT-e\/e-AGEAT","conteudo":"Credenciamento no sistema e-AGEAT","btn":"https:\/\/webas.sefaz.pi.gov.br\/eageat","parametros":"","method":"POST","mensagem_modal":"","acesso":["visivel_todos"]},{"titulo":"Consulta e Ci\u00eancia em Auto de Infra\u00e7\u00e3o","conteudo":"Consulta e Ci\u00eancia de Auto de Infra\u00e7\u00e3o (acesso com certificado digital)","btn":"https:\/\/webas.sefaz.pi.gov.br\/eageat","parametros":"","method":"POST","mensagem_modal":"","acesso":["visivel_todos"]},{"titulo":"Consulta Malhas Fiscais","conteudo":"Consulta de pend\u00eancias em malhas fiscais (acesso com certificado digital)","btn":"https:\/\/webas.sefaz.pi.gov.br\/eageat","parametros":"","method":"POST","mensagem_modal":"","acesso":["visivel_todos"]},{"titulo":"Declara\u00e7\u00e3o Complementar","conteudo":"Informa\u00e7\u00f5es d\u00e9bitos a recolher refer\u00eancia a declara\u00e7\u00e3o v\u00e1lida (acesso com certificado digital)","btn":"https:\/\/webas.sefaz.pi.gov.br\/eageat","parametros":"","method":"POST","mensagem_modal":"","acesso":["visivel_todos"]},{"titulo":"Defesa\/impugna\u00e7\u00e3o e consulta","conteudo":"Contesta\u00e7\u00e3o e impugna\u00e7\u00e3o de Auto de Infra\u00e7\u00e3o dentro do prazo legal (acesso com certificado digital)","btn":"https:\/\/webas.sefaz.pi.gov.br\/eageat","parametros":"","method":"POST","mensagem_modal":"","acesso":["visivel_todos"]},{"titulo":"Den\u00fancia Espont\u00e2nea","conteudo":"Servi\u00e7o de autorregulariza\u00e7\u00e3o de pend\u00eancias fiscais (acesso com certificado digital)","btn":"https:\/\/webas.sefaz.pi.gov.br\/eageat","parametros":"","method":"POST","mensagem_modal":"","acesso":["visivel_todos"]},{"titulo":"Domic\u00edlio Eletr\u00f4nico - DT-e","conteudo":"Comunica\u00e7\u00e3o por meio eletr\u00f4nico entre o fisco e o contribuinte (acesso com certificado digital)","btn":"https:\/\/webas.sefaz.pi.gov.br\/eageat","parametros":"","method":"POST","mensagem_modal":"","acesso":["visivel_todos"]},{"titulo":"Parcelamento","conteudo":"Servi\u00e7o de parcelamento de d\u00e9bitos fiscais (acesso com certificado digital)","btn":"https:\/\/webas.sefaz.pi.gov.br\/eageat","parametros":"","method":"POST","mensagem_modal":"","acesso":["visivel_todos"]},{"titulo":"Consulta omiss\u00e3o EFD e OIE","conteudo":"Consulta de omiss\u00e3o de declara\u00e7\u00f5es EFD e OIE (acesso com certificado digital)","btn":"https:\/\/webas.sefaz.pi.gov.br\/eageat","parametros":"","method":"POST","mensagem_modal":"","acesso":["visivel_todos"]},{"titulo":"Portal EFD - EPE e inconsist\u00eancias","conteudo":"Consulta de Extrato de Processamento EFD e inconsist\u00eancias (acesso com certificado digital)","btn":"https:\/\/webas.sefaz.pi.gov.br\/eageat","parametros":"","method":"POST","mensagem_modal":"","acesso":["visivel_todos"]},{"titulo":"Portal EFD - Multas EFD","conteudo":"Consulta de pend\u00eancias de declara\u00e7\u00e3o EFD\/SPED (acesso com certificado digital)","btn":"https:\/\/webas.sefaz.pi.gov.br\/eageat","parametros":"","method":"POST","mensagem_modal":"","acesso":["visivel_todos"]},{"titulo":"D\u00edvidas Pendentes e conta corrente - ICMS","conteudo":"Consulta de situa\u00e7\u00e3o fiscal tribut\u00e1ria referente ao ICMS (acesso com certificado digital)","btn":"https:\/\/webas.sefaz.pi.gov.br\/eageat","parametros":"","method":"POST","mensagem_modal":"","acesso":["visivel_todos"]},{"titulo":"Consulta de D\u00edvidas Pendentes - IPVA","conteudo":"Consulta de situa\u00e7\u00e3o fiscal tribut\u00e1ria referente ao IPVA (acesso com certificado digital)","btn":"https:\/\/webas.sefaz.pi.gov.br\/eageat","parametros":"","method":"POST","mensagem_modal":"","acesso":["visivel_todos"]},{"titulo":"Consultar\/Exportar NFC-e","conteudo":"Consulta e baixa de arquivo XML de NFC-e (acesso com certificado digital)","btn":"https:\/\/webas.sefaz.pi.gov.br\/eageat","parametros":"","method":"POST","mensagem_modal":"","acesso":["visivel_todos"]},{"titulo":"Consultar\/Exportar NF-e","conteudo":"Consulta e baixa de arquivo XML de NF-e (acesso com certificado digital)","btn":"https:\/\/webas.sefaz.pi.gov.br\/eageat","parametros":"","method":"POST","mensagem_modal":"","acesso":["visivel_todos"]},{"titulo":"Consultar\/Exportar CT-e","conteudo":"Consulta e baixa de arquivo XML de CT-e (acesso com certificado digital)","btn":"https:\/\/webas.sefaz.pi.gov.br\/eageat","parametros":"","method":"POST","mensagem_modal":"","acesso":["visivel_todos"]},{"titulo":"Download de XML de NF-e e NFC-e","conteudo":"Consulta e baixa de arquivos XML de NF-e e NFC-e","btn":"https:\/\/webas.sefaz.pi.gov.br\/eageat","parametros":"","method":"POST","mensagem_modal":"","acesso":["visivel_todos"]},{"titulo":"Escritura\u00e7\u00e3o Fiscal Digital","conteudo":"Consulta de Extrato de Processamento Estadual, de Inconsist\u00eancias, de Omiss\u00f5es, de Multas Geradas, de Malhas Fiscais, etc, relacionados \u00e0 EFD ICMS IPI.","btn":"https:\/\/webas.sefaz.pi.gov.br\/eageat","parametros":"","method":"POST","mensagem_modal":"","acesso":["visivel_todos"]}]},"_links":{"self":[{"href":"https:\/\/demo.piauidigital.pi.gov.br\/home\/wp-json\/wp\/v2\/pages\/784","targetHints":{"allow":["GET"]}}],"collection":[{"href":"https:\/\/demo.piauidigital.pi.gov.br\/home\/wp-json\/wp\/v2\/pages"}],"about":[{"href":"https:\/\/demo.piauidigital.pi.gov.br\/home\/wp-json\/wp\/v2\/types\/page"}],"author":[{"embeddable":true,"href":"https:\/\/demo.piauidigital.pi.gov.br\/home\/wp-json\/wp\/v2\/users\/1"}],"replies":[{"embeddable":true,"href":"https:\/\/demo.piauidigital.pi.gov.br\/home\/wp-json\/wp\/v2\/comments?post=784"}],"version-history":[{"count":2,"href":"https:\/\/demo.piauidigital.pi.gov.br\/home\/wp-json\/wp\/v2\/pages\/784\/revisions"}],"predecessor-version":[{"id":789,"href":"https:\/\/demo.piauidigital.pi.gov.br\/home\/wp-json\/wp\/v2\/pages\/784\/revisions\/789"}],"wp:attachment":[{"href":"https:\/\/demo.piauidigital.pi.gov.br\/home\/wp-json\/wp\/v2\/media?parent=784"}],"curies":[{"name":"wp","href":"https:\/\/api.w.org\/{rel}","templated":true}]}}